(i).
-2
Let l be (0 - -9)/3 - -1. Suppose -u = -5*u - 4*c + 4, l*c = 3*u + 25. Let k be 5 - 2*(-2 - u). Let q(b) = -b**3 + 4*b**2 - 2*b - 1. What is q(k)?
2
Let c = -4 - -7. Let v(q) be the first derivative of 4 + 1/2*q**2 - q. Determine v(c).
2
Let a(u) = 5 + u**2 - 7 + 1 - u + 3*u. Give a(-3).
2
Let z(n) be the third derivative of -1/60*n**5 + 0 - n**2 - 1/4*n**4 + 0*n + 5/6*n**3. Calculate z(-6).
5
Let i(n) = -5*n + 1. Suppose 3*b + 2 = -7. Give i(b).
16
Let a(o) = -4*o**2 - 3*o - 3. Let l(h) = h**3 + h. Let i(t) = a(t) - l(t). Determine i(-2).
-3
Let y(t) = -t**2 - 3*t - 3. Let s = 18 + -2. Suppose -3*g - s = -g. Let m = g + 5. Determine y(m).
-3
Let h be (7 + -5)/(4/10). Let y(g) = g**3 - 4*g**2 - 6*g. Give y(h).
-5
Suppose -4*o = -2 - 14. Suppose 0 = -0*m + m - o. Let r(i) = 9 - 3 - 4 - 2*i. Give r(m).
-6
Let w(h) = -2*h + 8. Let x(t) = -5*t + 23. Let q(o) = -8*w(o) + 3*x(o). What is q(-11)?
-6
Suppose z - 5*k + 12 = -0*k, z = -3*k + 12. Let d = z - 2. Let n(t) = 8*t - 1. Let u(b) = 24*b - 3. Let i(j) = 7*n(j) - 2*u(j). Calculate i(d).
7
Let g be -1 + -3 + (-8)/(-2). Let n(p) = 4*p + 2. Let o(j) = 3*j + 3. Let k(y) = -4*n(y) + 5*o(y). Determine k(g).
7
Let k be (-4)/10 + 84/35. Let r be -2 - k/4*-2. Let y(a) = -a**2 + 2*a + 1. Let i(c) = -2*c - 1. Let z(u) = 3*i(u) + 4*y(u). Determine z(r).
-5
Suppose -3*t = -5*t + 10. Let a(u) be the second derivative of -u**4/12 + u**3 - u**2/2 + 4*u. Calculate a(t).
4
Let d(w) = w - 1. Let q be d(-3). Let g(s) = -9*s + 7. Let f(a) = -7*a + 4. Let r(h) = 4*f(h) - 3*g(h). What is r(q)?
-1
Let x be ((-4)/(-3))/(-1 + (-15)/(-9)). Let f(v) = 2*v**3 - 3*v**2 + 1. Determine f(x).
5
Let p(r) = -r**3 + 5*r**2 - 4*r + 3. Let g(u) = u**3 - 5*u**2 + 7*u. Let d be g(3). Give p(d).
9
Let y(t) be the third derivative of t**8/6720 - t**7/630 - 7*t**6/720 + t**5/20 - t**4/8 - 4*t**2. Let j(i) be the second derivative of y(i). Give j(5).
-4
Let o be ((-4 - -5) + 13)/2. Let g(t) = t**2 - 6*t - 5. Give g(o).
2
Let c = -6 - -12. Let s(n) = 0*n - c - 2*n + 5 + n**3. Calculate s(2).
3
Let n be 0/(6/(-6))*(1 - 0). Let q(w) = -w - 4. Give q(n).
-4
Let m be -1 + 3 + (-2)/(-1). Let i(t) = -3*t**2 - 9*t + 5. Let h(j) = 5*j**2 + 17*j - 9. Let k(g) = 4*h(g) + 7*i(g). Give k(m).
3
Suppose 4*a + 20 = -a. Let d(h) = h**2 - 7*h. Let b be d(7). Let t(n) = 4 - 4*n + 8*n + b*n**2 + 2*n + n**2. Give t(a).
-4
Let y(i) = -359 - i + 0*i**2 + 360 - 4*i**2 + 5*i**2. Suppose 2*v = 5*w - 2, -2 = w + 3*v - 4*v. Give y(w).
3
Suppose -6*s + 5*n = -2*s - 28, 2 = -s - n. Let b(o) = 0 - 6 + 2*o**2 + 0*o**s - 3*o + 4. What is b(3)?
7
Suppose -3*q - q + 16 = 0. Let w = -10 + 4. Let g(a) = -a**2 - a - 4. Let m(d) = d**2 + 2*d + 4. Let n(s) = w*g(s) - 5*m(s). What is n(q)?
4
Let y(a) be the first derivative of -1 - 2*a + 1/2*a**2. Give y(2).
0
Let v(k) = 3*k - 12. Let u(f) = 2*f - 11. Let t(z) = 4*u(z) - 3*v(z). Determine t(-7).
-1
Let d(j) = 2*j**2 + 1 - 4 - 8*j + 2*j**2 - 5*j**2. Let i be d(-8). Let q(a) = a**2 + 3*a - 2. What is q(i)?
-2
Let i be (-6)/(-2 + 5) - -4. Let v(z) = -5 + z - 2 - i. Let f = 7 - 2. Determine v(f).
-4
Let j(r) = 0 + 0*r**2 + 6*r - 1 + 0*r**2 - r**2. Let u(i) = -3*i**2 + 18*i - 2. Let l(a) = 17*j(a) - 6*u(a). Calculate l(5).
-10
Let j be ((-7)/4)/1*4. Let c(r) = -r**3 - 8*r**2 - 6*r + 10. Let w be c(j). Let i(v) = -v**2 + 4*v - 2. Calculate i(w).
1
Let o(p) be the second derivative of -p**3/3 + 4*p**2 + 4*p + 4. Calculate o(-6).
20
Let v be (-2)/3*12/(-4). Let i = 2 + 1. Let a(l) = 0*l**i + l - 4*l**2 + 2*l**3 + 2*l - 1. Determine a(v).
5
Let l(w) = -2*w + 3. Let f = -62 + 59. Determine l(f).
9
Let i be 0 - 2 - (-8 + 4). Suppose -i*c + 1 = -3. Let w(d) = d**3 + 5*d**c + 7*d - 1 + 3 - 1 + 3. Determine w(-4).
-8
Let r be -7 + 9 + (3 - 1). Suppose r*u = 2*u - 4. Let t(o) = o - 2. What is t(u)?
-4
Suppose -3 = c - 4*c, 0 = -b + 3*c + 2. Suppose 0 = 5*i - b*q - 10, -3*i - 4 = -5*i + q. Let a(s) = 1. Let u(p) = p. Let m(d) = i*a(d) - 3*u(d). What is m(-2)?
8
Let o be 5 - (1 - -2) - -3. Let x = -6 + o. Let m(g) be the third derivative of -g**4/24 - g**3/3 + g**2. Determine m(x).
-1
Let t = 6 - 8. Let k(q) be the first derivative of -q**4/4 - 2*q**3/3 - 3*q**2/2 - q + 1. Calculate k(t).
5
Let x(r) = -7*r**2 + 4*r - 8. Let j(h) = -15*h**2 + 9*h - 17. Suppose 3 = -3*i - 15. Let a(c) = i*j(c) + 13*x(c). What is a(-3)?
-5
Let p = -14 - -22. Let f(v) = -v**3 + 8*v**2 + 5. Calculate f(p).
5
Let u(r) be the first derivative of r**3/3 - 3*r**2 - 5*r + 5. Calculate u(6).
-5
Let r(f) = -f + 1 + 2*f + 0*f. Suppose 2*w + 1 = b, 5*b + 4*w + w + 40 = 0. Determine r(b).
-4
Let c(y) = 2*y**2 + 7*y - 1. Let k be (-11)/2 - (-1)/2. Let q be c(k). Suppose l = g - 3, l - 5 = -5*g - q. Let p(r) = 5*r**2 + 2*r + 1. Calculate p(g).
4
Suppose 0 = -3*s - s. Suppose -2*c + c = s. Let h(g) = -g**3 + g**2 + 0*g - 2*g**2 - g. Calculate h(c).
0
Let w(n) be the second derivative of n**4/12 + 2*n**3/3 - 5*n**2/2 + 20*n. What is w(-4)?
-5
Let n = -2 - -5. Let c(v) = -n*v - 2 + 1 - 3 + 4*v. Let m = 7 - 4. Determine c(m).
-1
Let n be (-8)/(-28) - 27/21. Let c(h) = h. Let o(m) = -5*m - 1. Let d(y) = n*o(y) - 6*c(y). Determine d(-6).
7
Let t(z) = -2*z**2 - 2*z + 1. Let c = 8 - 16. Let f(n) = -3*n**2 - 3*n + 1. Let a(i) = c*t(i) + 5*f(i). Let q(o) = -o - 1. Let l(w) = a(w) - 2*q(w). Give l(-5).
9
Let u(a) = -4*a**3 + 2*a**2 - 5*a - 9. Let i(c) = -3*c**3 + c**2 - 4*c - 8. Let h = -6 + 2. Let m(g) = h*u(g) + 5*i(g). Determine m(3).
-4
Let a = 4 + 0. Let l(k) = -k. Determine l(a).
-4
Suppose -6*i + 2*i = -j + 19, 9 = -4*j - i. Let f(n) = -9*n**3. What is f(j)?
9
Let q(o) = o - 9. Let a be q(4). Let d = a - -6. Let l(i) = -2*i**3 + i**2 - 1. Calculate l(d).
-2
Let l(k) = k - 15. Suppose -180 = -14*j - 40. Give l(j).
-5
Let b(i) = i**3 + 7*i**2 + 8. Let t be b(-7). Let o(f) = 0*f + 1 - t*f + 0*f - 2*f. Determine o(-1).
11
Let a(d) = -41*d - 36*d - 9 + 83*d + d**2. Calculate a(-8).
7
Let y be (-24)/(-392)*7 - 3/7. Let l(w) = -w**3 + w**2 - w + 11. What is l(y)?
11
Let w(d) = -d**3 - 6*d**2 + 8*d + 5. Let t be w(-7). Let x(b) = -b**2 + 2*b + 2. Determine x(t).
-6
Let g(o) be the third derivative of -o**4/24 - 2*o**3/3 + 5*o**2. Let w = -46 - -40. What is g(w)?
2
Let g(l) = 66*l**2 - 27*l + 27. Let s(k) = -5*k**2 + 2*k - 2. Let b(f) = -4*g(f) - 54*s(f). Suppose 6*d + 2 = 8. What is b(d)?
6
Let p(y) = -y**3 + 2*y**2 - 1. Suppose 3*l - 2*l = 2. Let r be p(l). Let b be (3 + (0 - -2))/r. Let a(u) = u**3 + 6*u**2 + 6*u + 5. Give a(b).
0
Let y be (36/15)/(-6)*-5. Let b(f) be the third derivative of -1/24*f**4 + 0 + 7/6*f**3 - f**y + 0*f. Give b(0).
7
Suppose 12 = -5*y - 4*u, -3*u - 4 + 6 = y. Let c(t) = 3*t + 6. Calculate c(y).
-6
Suppose 5*w - 5 = -0. Let l = 7 - w. Let s(b) = l + 4*b - 2*b - b. Determine s(-5).
1
Let k(u) = u**3 + 5*u**2 + 2*u. Let w = -9 + 7. Let i = -5 - w. What is k(i)?
12
Let h(n) = -1 + 4*n**2 - 4*n**2 + 6*n + n**2. Let v be (4/(-10))/(6/60). What is h(v)?
-9
Let j(q) = 4 - 3 + 15*q + 0 + 0. Let l(y) = 2*y. Let h(m) = 2*j(m) - 18*l(m). Determine h(2).
-10
Let a = -13 + 15. Let v(u) = -8*u - a*u + u + u**2 + 2*u + 5. What is v(5)?
-5
Let h(z) = -2*z + 4. Let v(f) = 2*f**2 + 28*f + 6. Let d be v(-14). Calculate h(d).
-8
Let i(p) be the second derivative of -p**5/20 + p**4/2 - p**3/3 + 10*p. Determine i(6).
-12
Let r be 13/15 + (-4)/(-30). Suppose q + 5*x + 60 = 6*q, 2*x = 5*q - 66. Suppose -3*f - q = -5*p + f, 0 = f + r. Let h(s) = 2*s - 3. What is h(p)?
1
Let q(m) be the third derivative of m**6/120 - 7*m**5/60 + m**4/4 - m**3/2 - 7*m**2. Let g(z) = -z**3 - 5*z**2 + 6*z + 6. Let j be g(-6). Determine q(j).
-3
Let k(l) = -l**3 + 3*l**2 + 4. Let m(n) = 4*n**3 - 8*n**2 - 11. Let h(r) = 11*k(r) + 4*m(r). Calculate h(1).
6
Suppose 3 = -3*k + a, 3*a - 13 + 4 = 4*k. Suppose k = -4*x - h - 1, x - 2*h = h + 3. Let i(y) = -4 - y**3 - 3*y**3 + 3*y**3. Determine i(x).
-4
Let w(b) = b**3 - 5*b**2 - 6*b - 7. Suppose -3*t - 5*s + 27 + 16 = 0, 5 = s. What is w(t)?
-7
Let c(v) be the first derivative of v**3/3 - 5*v**2/2 + 4*v - 9. Calculate c(4).
0
Suppose 5*p + 13 + 12 = 5*o, -1 = -o - p. Let x(b) = -2*b**3 + 3*b**2 + 5*b - 2. Determine x(o).
-14
Let h(u) = 0*u + 5*u**2 + u**3 - 2*u**2 + 5*u - 2*u + 2. What is h(-2)?
0
Let v(o) = 3*o**3 - 10*o**2 - 2*o - 4. Let d(y) = 7*y**3 